 - 3*c + 83, 4*i - 5*c = 366. Let y be (-249)/6*2*1. Let j = i + y. Calculate the remainder when 56 is divided by j.
2
Suppose 0 = 55*i + 31*i + 317 - 1349. Let z be -2 - -7 - (-1 - -1). What is the remainder when 12*z/((-40)/(-54)) is divided by i?
9
What is the remainder when (-4)/(-12)*(1755 - 9) is divided by 18?
6
Suppose 0 = 5*y - 3*w - 182, w + 7 = y - 29. Suppose 41*l - y*l = 1388. Calculate the remainder when l is divided by 32.
27
Let q be -3 + -26*24*1. Calculate the remainder when q/(-30) + (-16)/(-160) is divided by 6.
3
Let c(h) = -h**3 + 109*h**2 + 114*h - 368. What is the remainder when 208 is divided by c(110)?
64
Suppose -70*h = -69*h - 74. Suppose 3*n + 2*y - h = 100, -3*y = -n + 58. What is the remainder when 809 is divided by n?
55
Let t(i) = 6*i**2 - 7*i - 51. Let x(r) = 11*r**2 - 12*r - 101. Let a(p) = 5*t(p) - 3*x(p). Calculate the remainder when 129 is divided by a(0).
33
Let h = -95 + 109. Let m be 60/6 + (-1 - -3). Suppose 9*w = 141 + m. Calculate the remainder when w is divided by h.
3
Let a(t) = 13*t + 330. Let y be a(-25). Suppose -2*n + y*n + 5*v - 31 = 0, -2*n = v - 23. Let c = 12 - 8. Calculate the remainder when n is divided by c.
0
Let w = 10 + -148. What is the remainder when (-2)/(1 - (-150)/w) is divided by 2?
1
Let y(c) = 84*c**3 - c**2. Let q = -89 - -95. Suppose -3*i + 134 = -5*j, -8*i + q*i - 2*j + 84 = 0. What is the remainder when y(1) is divided by i?
40
Suppose 4*r - r = 4*c + 47, 3*c + 6 = 0. Let p = 434 + -627. Let q = -143 - p. Calculate the remainder when q is divided by r.
11
Let c = 358 + -197. Suppose 0 = -2*m + 5*u + 69, -3*m + m - u = -51. Calculate the remainder when c is divided by m.
26
Let b be 25/5 + (-2 - -27). Calculate the remainder when 18 is divided by 6/(-4) - (-405)/b.
6
Let z(u) = -1303*u - 7791. What is the remainder when 3022 is divided by z(-6)?
25
Let l(m) = 3*m**2 + 9*m + 3. Let c be l(-3). Suppose c*w - 1266 + 501 = 0. Let h = -116 + w. What is the remainder when h is divided by 35?
34
Let f = -1344 + 2435. What is the remainder when f is divided by 27?
11
Let w(j) = -12*j + 51. Calculate the remainder when 7 + 5/((-35)/(-224)) is divided by w(4).
0
Let c(a) = 61*a + 3560. Calculate the remainder when 661 is divided by c(-57).
80
What is the remainder when (-495 + -259)*(-29 + -1)/3 is divided by 6?
4
Let b(d) = -24*d + 772. Calculate the remainder when 667 is divided by b(26).
75
Let n(m) = 11*m - 171. Let b be n(14). Let d(g) = -g**3 - 17*g**2 - 3*g - 13. Calculate the remainder when d(b) is divided by 6.
2
Let n = -48 + 499. Suppose -3*c + 2*c = -4*m + n, 0 = 5*m + c - 557. Suppose -t + 23 = -l, t + m = 5*t + l. Calculate the remainder when t is divided by 4.
3
Suppose -159*l = -77*l + 149*l - 16632. What is the remainder when 2803 is divided by l?
67
Suppose -8 = -2*a + 4*q - 22, -5*q = -15. Let c be (a - 0)*(-16 - -7). What is the remainder when 21 is divided by c + (-7)/(7/(-3))?
9
Suppose 2*b = -3*g + 90 + 70, 0 = -5*b + 4*g + 331. What is the remainder when 232 is divided by b?
19
Let o be (-3)/((-9)/(-214))*24/(-16). Let b = o - 94. What is the remainder when 28 is divided by b?
2
Let x = -13 - -29. Let f = 1404 - 1235. Calculate the remainder when f is divided by x.
9
Let h(m) = 69*m - 34. Let q be h(-3). Let t = -117 - q. What is the remainder when t is divided by 25?
24
Let o = 1 - 5. Let t be (-6 - -6)/(2/(o/(-2))). Suppose -71 = -5*s + 3*b, 4*s + b = -t*b + 67. Calculate the remainder when 45 is divided by s.
13
Suppose 0 = -3*h - 3*n - 15, 3*h - 2*n - 13 = 2*n. Let q be -81 - (h*(-3 + 2) - 2). Let o = q - -120. Calculate the remainder when 77 is divided by o.
37
Suppose -18*y - 155566 + 3248502 = 26*y. What is the remainder when y is divided by 303?
301
Suppose 80*d - 85*d = -5*u + 5075, 3*d - 3009 = -3*u. What is the remainder when u is divided by 6?
1
Let d(k) = -k**2 - 9*k - 1. Let z be d(-8). Let f be 185/35 - 2/z. What is the remainder when 10 is divided by (f - -1)*(-15)/(-30)?
1
Suppose -3*p - 2*i + 12 = -2*p, 5*p = -3*i + 74. Suppose 0 = 61*v - 15728 - 9381 + 6748. Calculate the remainder when v is divided by p.
13
Let b = 1495 - 1442. Suppose 0 = -s - 5, -v - 4*s - 19 = -8. Calculate the remainder when b is divided by v.
8
Let q(p) = -9*p**3 + 6*p**2 + 15*p + 2. What is the remainder when 128 is divided by q(-2)?
60
Let o = -80 + 83. Suppose 4*h + 3*c - 547 = -h, 2*c + 313 = o*h. What is the remainder when h is divided by 13?
3
Suppose 22*q = 15*q + 42. What is the remainder when 394 is divided by 132/q + (0 - (0 + 4))?
16
Let o(k) = 2*k**3 + 236*k**2 - 732*k + 399. What is the remainder when o(-121) is divided by 165?
135
Let g(t) = 275*t - 6143. What is the remainder when 2726 is divided by g(23)?
178
Let l(j) = -6*j - 262. Let q be l(-44). Suppose 257 = q*m - 211. Suppose 0*d - 3*d + 141 = 0. Calculate the remainder when m is divided by d.
46
Let o(s) = 13*s**2 + s - 2. Suppose 20 = -12*w - 4. Let y(f) = -26*f + 5. Calculate the remainder when y(-7) is divided by o(w).
43
Suppose 2*d - 30 = -2*r, 0 = 3*d - 5*r + 16 - 85. Suppose -24*y + d*y + 138 = 0. Calculate the remainder when 89 is divided by y.
20
Suppose -60 + 20 = -2*v. Let k(l) = 3*l**3 + 2*l**2 - 6*l + 2. Let c be k(-2). Let g = v + c. What is the remainder when 66 is divided by g?
12
What is the remainder when 5626 is divided by (-8*(-3)/4)/((-4)/(-8))?
10
Let x(j) = 13*j**3 - 12*j - 25*j**3 + 13*j**2 + 20 + 13*j**3. Let h be x(-14). What is the remainder when 35 is divided by (8/(-5))/(h/60)?
11
Let w be (26/(-39))/(4/(-18)). Suppose m + 73 = -3*p, 0 = w*m + m + p + 325. Calculate the remainder when 39 is divided by (-13)/(-39) + m/(-6).
11
Let r = -36 - -109. What is the remainder when 186 is divided by r?
40
Let p(a) = 9*a + 32. Suppose -5*k = -2 - 58. Let o be p(k). Suppose 5*d = q - 65, -3*q + 4*d = -0*q - o. What is the remainder when 156 is divided by q?
36
Let u be (-4)/(-6) - (-208)/12. Let j be 31 - (u/36 + 6/4). Suppose -4*g + 44 = 3*l, 15 + j = 4*g + 4*l. Calculate the remainder when g is divided by 3.
2
Suppose 0 = 12*f - 10*f + 3*b - 94, 4*f - 172 = -2*b. What is the remainder when f is divided by 14?
13
Suppose -z - 21 = 6*k, -15*k + 13*k = -5*z + 87. What is the remainder when 199 is divided by z?
4
Let q(h) = 131*h**2 + 16*h - 16. What is the remainder when 541 is divided by q(1)?
17
Suppose -5*s - 10 = -20. Suppose s = 5*g + 2. Suppose g = -0*j - 5*j + 115. Calculate the remainder when 68 is divided by j.
22
Suppose 9*x - 1095 = 6*x. What is the remainder when x is divided by 83?
33
Suppose 2*b - 2*z = 144, 4*z + 2 = -2. Suppose -2*t = -3 - 237. Suppose 5*p = -0*p + t. Calculate the remainder when b is divided by p.
23
Let p = 54 - 19. Suppose -5*q = 2*o - 216, -2*o + 40 = 9*q - 8*q. What is the remainder when q is divided by p?
9
Let p = 22 - 17. Suppose 2*j - 3*q - q = -62, 0 = 5*j - p*q + 160. Let o = j + 44. What is the remainder when o is divided by 4?
3
Suppose 7*g = -894 - 471. Let b = 232 + g. Let i = 22 + -12. What is the remainder when b is divided by i?
7
Let y(f) = -f**3 + 22*f**2 + 5*f - 91. Calculate the remainder when 471 is divided by y(22).
15
Suppose 0 = -42*t + 9982 + 19964. Suppose 13*f = t + 652. Suppose 2*h - 2*d - 48 = 0, -2*d - 129 = -5*h - 0*d. Calculate the remainder when f is divided by h.
24
Suppose -2086 = -197*l + 123 + 2716. Let c(j) = -36*j - 4. Calculate the remainder when c(-7) is divided by l.
23
Let q = -17276 + 17371. Calculate the remainder when 363 is divided by q.
78
Suppose p - 2*t = 68, -363*p - 3*t = -365*p + 133. Calculate the remainder when 1300 is divided by p.
60
Suppose 132*g - 666 - 6888 = 1554. What is the remainder when g is divided by 67?
2
Let c be 57/9 + 2/(-6). Let m(i) = -2*i**2 + 8*i - 1. Let o be m(c). Let w = 30 + o. What is the remainder when 17 is divided by w?
2
Let n(o) = 2 + 2*o**2 - 4*o - 6 + 2. Calculate the remainder when 12 is divided by n(3).
0
Let d(l) be the third derivative of l**4/2 + 3*l**3/2 + 5*l**2. Suppose 5 = -0*c - 5*c, -2*k - 3*c + 5 = 0. Calculate the remainder when d(k) is divided by 12.
9
Suppose -3*k + 1113 = -3*g, 25*k - g - 740 = 23*k. What is the remainder when k is divided by 89?
13
Suppose -4*u + 12 = -8*u, u = 2*f - 49. Let z = f - 13. Calculate the remainder when 68 is di